{"id":2,"date":"2013-02-22T22:19:56","date_gmt":"2013-02-22T22:19:56","guid":{"rendered":"http:\/\/www.passionatepilgrimrecords.dk\/?page_id=2"},"modified":"2013-03-24T15:12:50","modified_gmt":"2013-03-24T15:12:50","slug":"eksempel-side","status":"publish","type":"page","link":"https:\/\/www.passionatepilgrimrecords.dk\/","title":{"rendered":"Forside"},"content":{"rendered":"<p><div class=\"ezcol ezcol-one-half\">En h\u00e5ndfuld af Shakespeares ber\u00f8mte sonetter er fortolket musikalsk og oversat til dansk. Det er aldrig h\u00f8rt f\u00f8r. I mere end 3 \u00e5r har komponisten Bj\u00f8rn Palmqvist og skuespilleren Thomas Magnussen arbejdet med projektet \u201dShakespeare Sonetter\/ Sonnets\u201d \u2013 en dobbelt cd-udgivelse, der ogs\u00e5 indeholder sonetterne p\u00e5 engelsk i en nutidig fortolkning.<\/p>\n<p>&nbsp;<\/p>\n<p><a href=\"http:\/\/havebackstage.dk\/2013\/02\/15\/oplev-shakespeares-sonetter-pa-dansk\/\">Have Backstage<\/a>:<\/p>\n<blockquote><p><a href=\"http:\/\/havebackstage.dk\/2013\/02\/15\/oplev-shakespeares-sonetter-pa-dansk\/\">Svungne rim om k\u00e6rlighed, smerte og adskillelse, skrevet for mere end 400 \u00e5r siden, er stadig en kilde til bev\u00e6gelse og visdom her i 2013<\/a><\/p><\/blockquote>\n<p><a href=\"http:\/\/jyllands-posten.dk\/kultur\/klassisk\/article5206747.ece\" target=\"_blank\">Jyllands-Posten<\/a>:<\/p>\n<p><a href=\"http:\/\/jyllands-posten.dk\/kultur\/klassisk\/article5206747.ece\" target=\"_blank\"><\/p>\n<blockquote><p>Modige sj\u00e6le moderniserer Shakespeare<\/p><\/blockquote>\n<p><\/a><\/p>\n<p><a href=\"http:\/\/www.oddgrooves.com\/magnus-plays-on-shakespeare-sonnets-cd\/?awt_l=BJGv_&amp;awt_m=3n3dBkb8HlUYBPi\" target=\"_blank\">OddGroves<\/a>:<\/p>\n<p><a href=\"http:\/\/www.oddgrooves.com\/magnus-plays-on-shakespeare-sonnets-cd\/?awt_l=BJGv_&amp;awt_m=3n3dBkb8HlUYBPi\" target=\"_blank\"><\/p>\n<blockquote><p>I have listened to the CD a couple of times during the last few days and I love it! \/&#8230;\/ The music is what I\u2019d describe as \u201cprogressive art music\u201d or something to that effect. Lots of odd time signatures and beautiful moods.<\/p><\/blockquote>\n<p><\/a><\/p>\n<p>&nbsp;<\/p>\n<\/div><div class=\"ezcol ezcol-one-half ezcol-last\"><iframe src=\"http:\/\/player.vimeo.com\/video\/58278918?byline=0&portrait=0&title=1&autoplay=false\" width=\"400\" height=\"225\" frameborder=\"0\" webkitAllowFullScreen mozallowfullscreen allowFullScreen class=\"\"><\/iframe><\/p>\n<p>&nbsp;<\/p>\n<p><a href=\"http:\/\/www.passionatepilgrimrecords.dk\/wp-content\/uploads\/2013\/02\/Pressetekst_Sonetter_jan2013.pdf\"><strong>DOWNLOAD PRESSEMEDDELELSE<\/strong><\/p>\n<p><\/a><\/p>\n<\/div><div class=\"ezcol-divider\"><\/div><\/p>\n<p>&nbsp;<\/p>\n<p>&nbsp;<\/p>\n","protected":false},"excerpt":{"rendered":"<p>&nbsp; &nbsp;<\/p>\n","protected":false},"author":1,"featured_media":0,"parent":0,"menu_order":0,"comment_status":"closed","ping_status":"open","template":"page-home.php","meta":[],"_links":{"self":[{"href":"https:\/\/www.passionatepilgrimrecords.dk\/index.php?rest_route=\/wp\/v2\/pages\/2"}],"collection":[{"href":"https:\/\/www.passionatepilgrimrecords.dk\/index.php?rest_route=\/wp\/v2\/pages"}],"about":[{"href":"https:\/\/www.passionatepilgrimrecords.dk\/index.php?rest_route=\/wp\/v2\/types\/page"}],"author":[{"embeddable":true,"href":"https:\/\/www.passionatepilgrimrecords.dk\/index.php?rest_route=\/wp\/v2\/users\/1"}],"replies":[{"embeddable":true,"href":"https:\/\/www.passionatepilgrimrecords.dk\/index.php?rest_route=%2Fwp%2Fv2%2Fcomments&post=2"}],"version-history":[{"count":26,"href":"https:\/\/www.passionatepilgrimrecords.dk\/index.php?rest_route=\/wp\/v2\/pages\/2\/revisions"}],"predecessor-version":[{"id":35,"href":"https:\/\/www.passionatepilgrimrecords.dk\/index.php?rest_route=\/wp\/v2\/pages\/2\/revisions\/35"}],"wp:attachment":[{"href":"https:\/\/www.passionatepilgrimrecords.dk\/index.php?rest_route=%2Fwp%2Fv2%2Fmedia&parent=2"}],"curies":[{"name":"wp","href":"https:\/\/api.w.org\/{rel}","templated":true}]}}